{"id":2,"date":"2018-07-06T08:41:19","date_gmt":"2018-07-06T06:41:19","guid":{"rendered":"http:\/\/www.lacalade-restaurant.re\/?page_id=2"},"modified":"2018-08-29T09:39:52","modified_gmt":"2018-08-29T05:39:52","slug":"la-calade","status":"publish","type":"page","link":"https:\/\/www.lacalade-restaurant.re\/","title":{"rendered":"La Calade restaurant, sp\u00e9cialit\u00e9s proven\u00e7ales"},"content":{"rendered":"<p><img loading=\"lazy\" class=\"size-medium wp-image-35 aligncenter\" src=\"https:\/\/www.lacalade-restaurant.re\/wp-content\/uploads\/La-Calade-logo-Pant-3015-HD-1-300x225.jpg\" alt=\"\" width=\"300\" height=\"225\" srcset=\"https:\/\/www.lacalade-restaurant.re\/wp-content\/uploads\/La-Calade-logo-Pant-3015-HD-1-300x225.jpg 300w, https:\/\/www.lacalade-restaurant.re\/wp-content\/uploads\/La-Calade-logo-Pant-3015-HD-1-768x575.jpg 768w, https:\/\/www.lacalade-restaurant.re\/wp-content\/uploads\/La-Calade-logo-Pant-3015-HD-1-1024x767.jpg 1024w, https:\/\/www.lacalade-restaurant.re\/wp-content\/uploads\/La-Calade-logo-Pant-3015-HD-1.jpg 1462w\" sizes=\"(max-width: 300px) 100vw, 300px\" \/><\/p>\n<p style=\"text-align: center;\">88 rue Pasteur -Saint-Denis de La R\u00e9union<\/p>\n<p style=\"text-align: center;\">R\u00e9servation : 0262 20 32 32<\/p>\n<p style=\"text-align: center;\">Du mardi au jeudi de 12H00 \u00e0 14H00 et de 19H00 \u00e0 22H00<\/p>\n<p>Vendredi et samedi de 12H00 \u00e0 14H00 et de 19H00 \u00e0 22H30<\/p>\n","protected":false},"excerpt":{"rendered":"<p>88 rue Pasteur -Saint-Denis de La R\u00e9union R\u00e9servation : 0262 20 32 32 Du mardi au jeudi de 12H00 \u00e0 14H00 et de 19H00 \u00e0 22H00 Vendredi et samedi de 12H00 \u00e0 14H00 et de 19H00 \u00e0 22H30<\/p>\n","protected":false},"author":1,"featured_media":0,"parent":0,"menu_order":0,"comment_status":"closed","ping_status":"open","template":"","meta":[],"_links":{"self":[{"href":"https:\/\/www.lacalade-restaurant.re\/index.php\/wp-json\/wp\/v2\/pages\/2"}],"collection":[{"href":"https:\/\/www.lacalade-restaurant.re\/index.php\/wp-json\/wp\/v2\/pages"}],"about":[{"href":"https:\/\/www.lacalade-restaurant.re\/index.php\/wp-json\/wp\/v2\/types\/page"}],"author":[{"embeddable":true,"href":"https:\/\/www.lacalade-restaurant.re\/index.php\/wp-json\/wp\/v2\/users\/1"}],"replies":[{"embeddable":true,"href":"https:\/\/www.lacalade-restaurant.re\/index.php\/wp-json\/wp\/v2\/comments?post=2"}],"version-history":[{"count":0,"href":"https:\/\/www.lacalade-restaurant.re\/index.php\/wp-json\/wp\/v2\/pages\/2\/revisions"}],"wp:attachment":[{"href":"https:\/\/www.lacalade-restaurant.re\/index.php\/wp-json\/wp\/v2\/media?parent=2"}],"curies":[{"name":"wp","href":"https:\/\/api.w.org\/{rel}","templated":true}]}}